True
Let n(q) = 6*q + 20. Let z be n(-2). Let s(h) = 297*h + 35. Is s(z) a composite number?
False
Let x be 2/(-4)*(10 + -2). Let r be (-2 - -6 - x) + -3. Suppose 0 = r*v + i - 2705, -2*v - 3*i + 798 = -284. Is v a prime number?
True
Suppose 6*j - 5*j + n = 6, 0 = 2*j + 3*n - 16. Let i(w) be the third derivative of 73*w**6/120 + w**5/20 - w**4/8 - w**3/2 + w**2. Is i(j) a composite number?
False
Let r = -129 + 183. Let a = r + -62. Let h(v) = 2*v**2 - 8*v + 23. Is h(a) a prime number?
False
Let y be (-125)/(-20) - (-1)/(-4). Let o(v) = v**2 - 8*v + 12. Let t be o(y). Suppose t = 4*g - 8*g + 1516. Is g prime?
True
Let o = 1531 + -180. Let a = -7584 - -7589. Suppose -o = -a*i + 4354. Is i prime?
False
Let h be 6937/5 + ((-96)/15 - -6). Suppose -o + 3 = 0, 2*f = -3*o + 4448 + h. Is f a prime number?
False
Suppose -c = -2*c - 3*k + 13459, 26918 = 2*c + 4*k. Let s = -9600 + c. Is s a prime number?
False
Let t = 107880 - -37501. Is t a prime number?
True
Suppose -2*h - 135 = 5*w - 7*h, -w + 3*h - 33 = 0. Let f = w + 31. Let g(y) = 28*y**2 - 4*y + 17. Is g(f) composite?
False
Let o(g) = 95*g**2 - 70*g - 31. Is o(-24) a composite number?
False
Is 3/((-2)/(-15684)*6) prime?
False
Let r = 52 + -47. Suppose 2*d + 381 - 2639 = -3*a, -d + 1136 = r*a. Is d composite?
True
Let u = 5778 + -3000. Suppose -2*o + 1991 = 5*b, o + 4*b = -0*b + 1000. Suppose -u + o = -2*v. Is v composite?
True
Suppose -1233131 + 1817651 = 13*i - 2253653. Is i a prime number?
False
Let u(k) = -62*k**3 - 26*k**2 - 25*k - 115. Is u(-6) prime?
True
Let j = -2393 - -1005. Let f = 3333 - j. Is f prime?
True
Let b = 242 + -248. Is (1 + b - -3) + (-20884)/(-4) a composite number?
True
Let i be 1/4 + 314/(-8). Let r = -44 - i. Is 3/15 - 1789/r composite?
True
Let a(d) = d**3 - d**2 - 33*d + 5. Let u be a(5). Is ((-56)/u)/(-7) - (-32)/15 composite?
False
Suppose 883*o = 1769*o - 868*o - 3049686. Is o prime?
True
Let n be 2/(-27)*-3 - (-43)/9. Suppose 5*j - 4*j = -a + 436, -3*a = -j - 1324. Suppose 5*w + n*o = a, -3*o + 497 - 63 = 5*w. Is w a prime number?
False
Let w = 217829 + -145786. Is w a prime number?
True
Let f be 2*19 - (37 - 32). Suppose 0 = v - 86 - f. Is v composite?
True
Is (2 - -1) + 26/(-10) + 27817811/35 prime?
False
Is (-27 + 49 - 216)*2*5666/(-8) a composite number?
True
Let f(c) = 1252*c - 43 - 372*c + 370*c. Is f(4) a composite number?
False
Suppose 5947036 = 98*r - 3322873 - 11931509. Is r composite?
True
Let b(q) = -9*q**3 + 5*q**2 + 10*q - 9. Let a be b(-6). Let u = a - 899. Let k = u - 447. Is k prime?
True
Let v = 109231 + -74438. Is v prime?
False
Let q be (2239 - -3 - 2) + -3 - 2. Suppose 5*k + q = v - 6*v, 0 = -2*v - 10. Let u = 1031 + k. Is u a prime number?
False
Let r(u) = -u**3 - 22*u**2 + 29*u + 27. Let m = -50 - -25. Is r(m) composite?
True
Let z(l) = 715*l + 28. Let c be z(5). Suppose 3*g - c = -m - 864, -3652 = -4*g - 4*m. Is g a composite number?
True
Suppose -g - 3*g = 5*t - 589, -4*t - 465 = -3*g. Let n be 104/(-5*(-1)/15). Let z = n - g. Is z prime?
False
Let p be (-6)/2 + 1 - (-40 + 23). Suppose 11*x - p*x - 4*b + 4340 = 0, 2*x - 2*b = 2178. Is x prime?
True
Let g = 239934 + -81063. Is g composite?
True
Suppose 4*a + 5215 - 140 = o, -5*o + 3*a = -25290. Let l be 1203/(1 + -7 + 9/2). Let k = l + o. Is k prime?
True
Suppose 14*d - 509886 = -168720. Is d composite?
True
Suppose 36 = -14*r - 6. Let a = r - -7. Suppose 0 = -3*t - 3, a*o = t - 760 + 8677. Is o a composite number?
False
Suppose -725*p - 8804540 = -745*p. Is p composite?
False
Let z(f) = -4541*f + 84. Let b be z(-6). Let a = -17197 + b. Is a a prime number?
True
Let j = 7177 - 3943. Let p = j - 1497. Let s = p + 442. Is s a composite number?
False
Let q = 142596 - 69398. Is q composite?
True
Let p = 233 + -233. Is (1 + p)/(-3*3/(-192897)) prime?
True
Let m be (-8)/3*33*(-86)/8. Let b = m + 597. Is b composite?
False
Let j = 30 - 38. Is (12795/20)/(j/(-32)) a prime number?
False
Let w = -33006 - -194365. Is w prime?
False
Let j = 7661 - -212. Suppose 5*q + j = -2657. Let y = q - -3349. Is y prime?
False
Let x(d) = 2616*d + 31. Is x(6) a prime number?
True
Suppose -2*k + 4*k - 6 = 0. Let u = 638 + -590. Let d = u + k. Is d a prime number?
False
Let a = 1669 + 2948. Let v = -2518 + a. Is v a prime number?
True
Let k be (-3)/(-4)*1 + (-13)/(-4). Suppose -5*j + 99 = -k*q, -3*j = -2*j + 3*q - 16. Is j composite?
False
Let a = 320 + -189. Suppose a*d = 136*d - 23635. Is d a composite number?
True
Suppose 0 = 80*l + 110*l - 811666234 - 18470936. Is l a composite number?
True
Suppose 0 = -k + 5*q + 804823, -258*k = -254*k + 3*q - 3219338. Is k a composite number?
False
Suppose 260*z - 22*z = 202017494. Is z composite?
True
Let m(p) = 7 - 7*p**2 - 108*p + 52*p**2 + 115*p. Is m(-4) a prime number?
False
Let h = -26 - -29. Suppose 3*o - h*a + 3 + 0 = 0, 3 = 3*a. Suppose 12*g + 975 - 6291 = o. Is g composite?
False
Is (60025485/(-20))/(-13)*100/75 a composite number?
False
Let v = -218487 - -336590. Is v composite?
True
Let u(f) = -f**2 + 15*f - 10. Suppose -5 - 37 = -3*n. Let v be u(n). Suppose 5*r - 3*a - 9106 = 0, v*r - 5457 = r + 4*a. Is r prime?
True
Let j(s) = -3348*s + 5. Let l(x) = x**3 + 13*x**2 + 17*x - 57. Let h be l(-11). Is j(h) prime?
True
Suppose 5*s = 18 + 2. Suppose -30 = -2*u + s*r, -25 = -0*u - 3*u + 2*r. Suppose u*l + 15 = 0, o - 3*o - 4*l - 6 = 0. Is o composite?
False
Let q(g) = g**3 - 8*g**2 - 4. Let o be q(8). Let b be o/(-40)*5*1874. Suppose 5*t - b = 598. Is t prime?
True
Suppose 4*i - 8*i + 2280694 = 22*i. Is i a prime number?
True
Let z = 33 - 28. Suppose -f + 16 = -4*o, o + 2*o + z = -f. Is (898*(-4)/(-16))/(2/f) a prime number?
True
Let k = -207 - -212. Suppose 2*h + 0*h + 29162 = k*o, -12 = -3*h. Is o a composite number?
True
Let b = 53 - -181. Let v = -196 - 41. Let p = b - v. Is p a composite number?
True
Let g(j) = j**3 + 4*j**2 + 34. Let n be g(-5). Suppose n*x = -23*x + 243424. Is x prime?
True
Is (-1 - -19)*(-8)/(-36) - -4977 composite?
True
Suppose z = 48 + 1. Let h = z - 54. Is (2 + h)/(6*2/(-13084)) composite?
False
Suppose 0 = 4*d + 2*g + 6476, 3*d + 1983 + 2872 = -2*g. Let b = d - -62869. Suppose 0 = 12*s - b + 22140. Is s a prime number?
True
Is 1 - 6 - ((-12945618)/57 + 4/38) a prime number?
True
Suppose 3*v + 10086 = -n + 35338, -2*n + 50513 = -3*v. Is n composite?
True
Let u = 4363 - 7476. Let q = 4806 + u. Is q composite?
False
Let w(s) = 5068*s**2 - 284*s + 1387. Is w(5) prime?
False
Let c = -427108 + 886457. Is c a prime number?
False
Suppose 4*b + 85 = 89. Is (9614/1 + -1)*b prime?
True
Let t = 3978 + -1761. Suppose 5*s = -793 - t. Let z = -379 - s. Is z prime?
True
Suppose i - 598 = -3*h, -602 = -i + 4*h - 3*h. Let n = i - 458. Is n a prime number?
False
Let f = -39 - -43. Suppose f*v + 31 = 5*n, 0 = 5*n + v - 48 + 12. Suppose -4862 - 2103 = -n*b. Is b a composite number?
True
Let m be 3 + (-3 + -1)*(-4 - -2). Suppose 12*z + 25 = m*z. Let s = z - -110. Is s prime?
False
Let c be (-41082)/(-21) + 22/(-77). Let r(a) = a**3 + 2875. Let k be r(0). Let q = k - c. Is q a composite number?
False
Let r = 1106 + -1104. Suppose -6*z + 838 = -4*z. Suppose r*n - n = z. Is n composite?
False
Suppose 5*g = 5*q - 30180, -g - 30160 = -28*q + 23*q. Is q a prime number?
False
Suppose -7 + 87 = 20*g. Is ((-6 + 5)*-89468)/g a prime number?
True
Suppose 587 + 2068 = -5*v. Let o(j) = -7*j + 423. Let z be o(59). Let g = z - v. Is g composite?
False
Let l(k) = -766*k**3 + 3*k**2 + 3*k + 1. Suppose 0 = -0*t - 2*t - w + 37, 0 = w - 5. Suppose t = -4*h + 3*d, -d = -2*h + 4*d - 22. Is l(h) composite?
True
Let f = -160016 - -266919. Is f a composite number?
False
Let p be -71 + ((-30)/(-5))/(-6). Let l = p + 249. Is l a prime number?
False
Let s(x) = 7056*x - 15. Let b(k) = -35280*k + 74. Let g(l) = 2*b(l) + 11*s(l). Is g(2) a prime number?
False
Let k(g) = -166*g**3 + 142*g**2 - 3*g - 5. Is k(-8) composite?
False
Let o = 118081 - 67622. Is o a composite number?
False
Let z = -3899 - -3905. Let b be (-130)/(-4) + 1/2. Suppose -2*f + b = o, -5*o - f + z*f + 195 = 0. Is o composite?
False
Suppose -2*o + 52250 = 356. Suppose 5*r - u = 25953, -66*r + o = -61*r - 4*u. Is r composite?
True
Suppose 10*v + 7381900 = 22*v + 88*v. Is v prime?
True
Suppose -63471 = -6*u + 31719. Suppose 16*